) = -7*n + 13. Determine b(t).
-29
Let c(l) = l**2 - 3*l - 4. Let y = 20 - 22. Let j be c(y). Let a(k) = k**3 - 7*k**2 + 6*k + 5. Determine a(j).
5
Let i(b) be the first derivative of 2*b**3/3 + b**2/2 + 309. Calculate i(2).
10
Suppose -4*l = -o - o - 12, -2*l - 3*o + 14 = 0. Let h be (9 + l/(-4))/(-1). Let w(v) = v + 3. Let d be w(h). Let q(f) = f - 5. Determine q(d).
-10
Let r(q) be the second derivative of q**7/840 + q**6/360 - q**5/30 - q**4/8 + 11*q**3/3 + 21*q. Let z(j) be the second derivative of r(j). Determine z(-3).
-9
Let m = -39 + -13. Let k = 50 + m. Let w(p) = -p**3 + 2*p - 1. What is w(k)?
3
Let c(k) = 6*k - 19. Let v(x) = -x + 3. Let u(p) = -c(p) - 5*v(p). Suppose -5*h + 65 = 5. Suppose 0*d + i = -d + 2, -5*d - 3*i + h = 0. What is u(d)?
1
Let u(l) be the second derivative of -l**3/3 - 5*l**2/2 - 3*l. Suppose 0 = -43*r + 96 + 6 + 113. Determine u(r).
-15
Let a(c) be the first derivative of -3*c**4/4 - c**3/3 + c**2 + c - 443. What is a(2)?
-23
Suppose -24 = 24*n - 30*n. Let r(b) = -b**2 + 3*b + 5. Let p(w) = -1. Let k(t) = -6*p(t) - r(t). Give k(n).
5
Let v = 266 - 267. Let k(o) = o + 1 + 11*o + 2*o - 2*o. Give k(v).
-11
Let a(k) = 11*k - 115. Let s be a(10). Let p(x) = -x**2 - 7*x - 2. Give p(s).
8
Let u(c) = c + 1. Suppose 0 = 2*l + 20 - 0. Let g(w) = 3*w + 5. Let z(j) = l*u(j) + 2*g(j). Give z(2).
-8
Let f = 9 + 13. Suppose f - 28 = -d. Let g(m) be the third derivative of -m**4/24 + 4*m**3/3 - m**2. Determine g(d).
2
Let f(t) be the third derivative of -t**6/120 - 11*t**5/60 + t**4/24 + t**3/3 + 20*t**2 - 3. Determine f(-11).
-9
Let i = 1109 + -1111. Let u(v) be the third derivative of -v**5/60 - v**4/12 + v**3/3 - v**2. What is u(i)?
2
Let x = 8 - 6. Let d(s) = 2*s - 2*s - x - 2*s. Let k be 4*12/64*4 - 1. Calculate d(k).
-6
Let s(t) = -5*t**2 + 5*t - 2. Let l = -918 - -921. What is s(l)?
-32
Let w(t) = t**2 + 6*t. Let s be w(-6). Let p(y) be the first derivative of y**3/3 + y**2/2 + 12*y - 6. What is p(s)?
12
Let m(v) be the second derivative of 0 - 12*v - v**3 + 7/2*v**2. Give m(5).
-23
Let k(r) = 10*r - 69. Let h(l) = 29*l - 205. Let v(n) = 6*h(n) - 17*k(n). What is v(15)?
3
Let l(g) = -g**3 + 5*g**2 - 4*g - 1. Suppose 0 = 4*k - 20, -u - k = -6 - 0. Let n(q) = 4*q**3 - q**2 + 1. Let a be n(u). What is l(a)?
-1
Suppose -5*w = 5*y - 10, -5*w + 2*y + 2 = 6. Let m(z) = -3*z - 3. Let c be m(w). Let g(d) = -2*d**2 - 4*d. Determine g(c).
-6
Let a = 119 + -171. Let k = -42 - a. Let c(s) = -s**3 + 9*s**2 + 11*s - 6. Calculate c(k).
4
Let i(d) = -5*d + 1. Let n(x) = -4*x + 3. Let q(m) = 2*i(m) - 3*n(m). Determine q(5).
3
Let k(v) = 2*v + 5*v - 3 - v**2 - v. Suppose 3*h = 3*q - 33, 5*h + 31 = -5*q + 6*q. Give k(q).
-3
Let w(b) be the second derivative of b**4/12 + b**3/2 - 3*b**2 + 2*b. Let h(l) = -l**3 - 4*l**2 + 4*l - 3. Let s be h(-4). Let u = -24 - s. What is w(u)?
4
Let z be 98/56 - 6/8. Let t(d) = -17*d + d**3 - 6*d + 30*d - z + 6*d**2. Suppose -4*p - 23 = -b, 4 = 5*b - 11. Determine t(p).
-11
Let f(t) be the third derivative of t**5/60 - 5*t**4/12 + 5*t**3/3 + 19*t**2. Let h be f(9). Let n(i) = -15*i. Determine n(h).
-15
Suppose b = -b - 18. Let x(u) = 12*u - 21*u + 3*u + 20 + 7*u - 1. What is x(b)?
10
Let f(p) = -3*p - 5. Suppose 0*y + 3*s + 205 = 4*y, 0 = 4*s - 4. Let o = y - 76. Let j = o - -18. Give f(j).
13
Let j(n) be the third derivative of n**5/60 - 3*n**4/8 + 11*n**3/6 + 371*n**2. Let f = -6 + 14. What is j(f)?
3
Suppose -8 = 4*z - 0, 0 = -4*m - 2*z + 36. Let d = 5 - m. Let h(s) be the second derivative of -s**3/3 - s**2 + 6*s. Calculate h(d).
8
Let j(h) = 2*h**2 + 7*h + 5. Let v(y) = y**2 - 9*y - 6. Let a be v(10). Let x be -3 - 30/a*-2. Let t = x + -16. Calculate j(t).
9
Let w(r) = 5*r**2 - 3*r + 3. Let f(v) = 2*v**2 + 28*v + 2. Let x(a) = 2*a - 74. Let s be x(30). Let t be f(s). Give w(t).
17
Let x(f) = 10*f - 106. Let t be x(11). Let w(n) = 13*n + 2. Give w(t).
54
Let o(b) = b**3 + 3*b**2 - 4*b - 6. Let l(q) = -q - 4. Let r be 0 - 16/(-4) - -6. Suppose 0 = 9*h - r*h. Let s be l(h). What is o(s)?
-6
Let x(l) = -l + 17 - 12 - 9. What is x(-4)?
0
Let w(m) be the second derivative of -m**3/6 + m**2/2 + 3*m. Let g = 41 - 36. Determine w(g).
-4
Let s(n) = 10*n**2 - 2*n**2 + 85 + n**3 - 33 - 11*n - 41 + 3*n**2. Calculate s(-12).
-1
Suppose 4*z - 64 = w, -2*w + 9 = z - 7. Let y be 8*4/(-8) - -6. Suppose y = 3*g - z. Let p(f) = -f**2 + 9*f - 4. Calculate p(g).
14
Let u = -561 - -565. Let h(j) = -j**2 + 10. Give h(u).
-6
Let r(a) = a**2 - 8*a + 3. Let t be 18/24 - 186/(-8). Let o be (8/6)/(2/t). Suppose -5*l = -2*v - 29 - o, -4*v = -l + 27. Give r(l).
-4
Let t(b) = -11*b - 4. Let g(v) = -5*v - 2. Let a(w) = -9*g(w) + 4*t(w). Suppose -3*f - 2 = -14. Suppose -f*y + 10 = -6. Determine a(y).
6
Let f(p) = 25*p. Let n be f(1). Suppose 0 = -4*o + 4*d + 24, d + n = 5*o - 3*d. Let u(w) = 4 + 0 + w**2 + 4*w + o - 2. Determine u(-4).
3
Let s(b) = b**3 + 5*b**2 + 2*b + 10. Let u be s(-5). Let q(a) = u*a**2 + 4*a**2 - 2*a - 6*a**3 + 0*a + 5*a**3 + 2. What is q(3)?
5
Let x(y) = y + 6. Let d(v) = -v**3 - v**2 + v + 39. Let s(n) = -d(n) + x(n). Calculate s(0).
-33
Let y(u) = 9*u + 1. Let c(f) = 7*f + 1. Let q(k) = -5*c(k) + 4*y(k). Suppose -9 = n - 4*n. Determine q(n).
2
Let v(n) = -6*n - 46. Let z(a) = -3*a - 20. Let h(m) = -3*v(m) + 7*z(m). What is h(4)?
-14
Let u(g) = -15*g + 10*g + 10*g - 1. Determine u(2).
9
Let l(k) be the first derivative of k**4/4 - k**3/3 - 7*k + 475. Let s be (-2)/2 + 1 + 0. Calculate l(s).
-7
Let d(l) = -3*l + 6. Let m(p) = -p**2 + 21. Let a be m(4). Let u(j) = j**2 - 8*j + 20. Let q be u(a). Calculate d(q).
-9
Suppose -o + 37 = -d + 3*d, -o + 47 = -3*d. Suppose z = 3*h - 0*h - o, 46 = 3*h + 4*z. Let m = h + -14. Let w(b) = -b**2 - 2. Calculate w(m).
-2
Let h(v) be the first derivative of -1/4*v**4 - v**2 - v**3 - 15 - v. What is h(-3)?
5
Let g(n) = n**2 + 1. Suppose p - 3*j - 5 = 8, -4*j - 18 = -p. Determine g(p).
5
Let f(j) = j + 8. Let t(s) = 2*s + 1. Let o(i) = -f(i) + t(i). Suppose 0 = 5*g - 2*k + 35 - 6, -g = -3*k + 11. What is o(g)?
-12
Let w(f) = -60*f - 60. Let s be w(-1). Let y(x) = 2*x - 3*x**2 + x**3 - 3*x + 6 + 2*x**2. Determine y(s).
6
Let u(a) = 39*a - 104*a + a**2 + 51*a + 8*a**2 + a**3 + 0 - 1. What is u(-10)?
39
Suppose -6*f - 92 + 104 = 0. Let c be 0/(5 - 2) - -5. Let s(p) = -c + 5 - 2 + 3 + 4*p. Calculate s(f).
9
Let h(o) = 16 - 83*o + 10 + 85*o. Determine h(-15).
-4
Let v(z) = 3*z**3 - 2*z**2 - z + 1. Let x(f) = -f**3 + 22*f**2 - 21*f + 1. Let h be x(21). Calculate v(h).
1
Let u(k) = -k**2 + 15*k - 8. Let l = -1429 + 1443. Calculate u(l).
6
Let z(m) = 11*m**2 - 2*m + 1. Suppose 387*d = 385*d + 2. Determine z(d).
10
Let u(t) = -17*t + 111. Let n(d) = -8*d + 49. Let q(a) = -9*n(a) + 4*u(a). Give q(-8).
-29
Let o(f) = -10*f + 2*f + 3 + 9*f + 0*f. Let i be (-17 - -2)/3*1. Let a = i + -1. Determine o(a).
-3
Let p(s) = s**2 + 11*s + 12. Let k be p(-10). Let v(j) = 6*j**2 + 4 + 5*j**k - j**3 - 5*j**2. Suppose y = a + a - 4, 2*y - 37 = -5*a. Give v(y).
4
Let x(h) = -7*h**2 + 5*h + 7. Let n(m) = 6*m**2 - 6*m - 9. Let q(a) = -4*n(a) - 5*x(a). Give q(1).
11
Let g = 5 - 4. Let q be 16/(g/(-1) - -3). Let i(s) = q - 3*s - s + 6*s - 4*s. What is i(6)?
-4
Let h(p) = p**2 + 2*p + 3. Let t be h(-3). Suppose 0 = t*n - 7*n. Let u(d) = -d + 16. Give u(n).
16
Let m(n) = -n + 2. Let j be ((-69)/(-6))/(2/(-4)*1). Let p = -28 - j. Determine m(p).
7
Let y(f) = -3*f**2 - 2*f - 4. Let k(w) = 4*w**2 + w + 5. Let n(t) = -4*k(t) - 5*y(t). Determine n(7).
-7
Let o(h) = -3*h**2 - 2*h - 1. Let l(b) = -2*b**3 - 18*b**2 + b + 7. Let y = 38 - 47. Let k be l(y). What is o(k)?
-9
Let b(c) = c**3 - 2*c**2 - 2. Suppose 238 - 49 = -9*i. Let m(u) = 3*u**2 - u. Let j be m(3). Let h = j + i. Calculate b(h).
7
Let t(d) = d**3 - d**2 - 5*d + 4. Let s(q) = -q**3 + 8*q**2 + 8*q + 3. Let k be s(9). Let l be -2 - -1 - (k - -2). What is t(l)?
7
Let f(m) = m**2 + m - 1. Let q(l) = l**2 + 10*l - 9. Let u(p) = -6*f(p) + q(p). Calculate u(2).
-15
Let t(n) = n + 17. Let f be t(-17). Let z(p) = -p + 3. Let h be z(f). Let l(q) = 5*q**3 - 3*q**3 + 1 - h*q**3 - q**2. Determine l(1).
-1
Let m(q) = q**2 - 5*q + 6. Let c be m(5). Let f(w) = -2*w + 2. Let t = -26 - -32. Let d(s) = -s + 1. Let n(a) = t*f(a) - 13*d(a). What is n(c)?
5
Let z(c) = 2*c**